04) a prime number?
False
Let w(b) = 10*b**2 + 13. Let o be w(-4). Let g = o + 209. Is g a prime number?
False
Suppose 15 = 2*l + 25, -3*z + 496379 = 2*l. Is z a prime number?
True
Let s = 15107 + -7933. Let x = -2987 + s. Is x composite?
True
Let o = -1254 - -50573. Is o a prime number?
False
Suppose 0 = -2*z - 4*r + 2138, -4 = r - 8. Suppose 2*a = z + 101. Is 3/(-2) - a/(-2) prime?
False
Let w(o) = -124*o - 4 + 633*o**2 + 68*o + 58*o. Let s be w(2). Let r = -341 + s. Is r composite?
True
Let m(q) = 5902*q**2 + 268*q + 809. Is m(-3) a composite number?
True
Let o(z) be the first derivative of -z**3/3 - 11*z**2/2 - 9*z + 63. Suppose 2*t - 42 = 4*x, -x + 2*x = 3*t - 23. Is o(x) prime?
False
Let d(v) = 17244*v + 209. Is d(3) composite?
False
Suppose 0 = -3*c + 5*u + 214639, -2*c + 12*u - 13*u = -143084. Is c prime?
False
Let x = 107579 + 12752. Is x prime?
True
Let h(w) be the third derivative of -27*w**2 + 5/3*w**3 + 0 + 1/30*w**5 - 7/24*w**4 + 0*w. Is h(4) composite?
True
Let x(k) be the second derivative of 161*k**4/6 + k**3/2 - 2*k**2 - 23*k. Let n be x(2). Suppose 0 = 2*u + z - 1302, 2*u - 4*z = -2*z + n. Is u prime?
False
Suppose 523*p = 787*p - 225258792. Is p composite?
True
Suppose -25*v = -146346 - 6879. Suppose -w + 3*w = 2*h + 12274, 0 = -w + 5*h + v. Is w a composite number?
True
Is -1 + (93/(-4))/(12/(-7072)) a prime number?
False
Suppose 15*d = 16*d - 13. Let o(v) = 46*v**2 - 19*v + 154. Is o(d) a prime number?
True
Let l(i) = -3*i**2 - 31*i + 22. Let q be l(-11). Let u = q + 1. Is (5817/6)/(u/2) a composite number?
True
Let s(f) = 178*f**3 - 10*f**2 - 112*f + 858. Is s(7) prime?
False
Let o = 27 + -33. Let h(v) = -4*v**3 - 3*v**2 - 9*v - 11. Let g be h(o). Let p = g - 300. Is p prime?
True
Let v = -12170 - -17229. Is v a prime number?
True
Suppose 18*p - 7*p - 32*p = -5930799. Is p a prime number?
False
Let z(k) = 73*k**2 - 24*k - 34*k**2 - 4*k**3 - 28*k**2 - 26*k**2 - 11. Is z(-10) composite?
False
Suppose -17*k + 12*k = -20. Let r be 9*(-8)/12 + k. Is (r/(-8))/((-15)/(-7620)) composite?
False
Is 22/(-121)*-22 - 1*-22527 a composite number?
False
Let t = -325 + 322. Is 5744 + (-10 + 9)/(t/15) prime?
True
Suppose 105306 = 4*s + 2*n, s = 7*n - 2*n + 26332. Is s prime?
False
Suppose -i - s + 17 = 0, -s - 93 = -5*i - 4*s. Let y(g) = -3 + 0 + 8*g**2 + i*g**2 + 4 - 5*g. Is y(-5) prime?
True
Suppose -730 = 3*d - 4*i, -11*d - 254 = -10*d - 4*i. Is (-8)/(-20) - (-108)/(-20) - d a composite number?
False
Let l be 1*4/(36/27). Suppose l*j = 2*q - 448, 0*q = -2*q - 2*j + 438. Is q a composite number?
True
Suppose 5*h + 23 - 43 = 0. Suppose 0 = -3*v - h*a + 2*a - 7513, -7520 = 3*v - 5*a. Is 4/(-14) - v/21 prime?
False
Let m = -77 - -79. Suppose m*s - 7*s - 6220 = 0. Let l = -861 - s. Is l composite?
False
Let z(m) = 2*m**3 + 65*m**2 + 330*m - 23. Is z(-22) a composite number?
True
Let s be 674/18 + (-152)/342. Suppose -s*t = -328877 - 428624. Is t composite?
True
Suppose -4*u = x - 2145379, -3*u - 9*x + 13*x + 1609001 = 0. Is u composite?
True
Let n(j) = j**2 + 6*j + 21. Let m be n(-3). Suppose c + 15587 = m*c. Is c a composite number?
True
Let x = 213 + -214. Is ((x + -5)/(-12))/(3/45654) prime?
False
Let a = 194 + -192. Suppose 9*j = a*l + 14*j - 22812, -22810 = -2*l - 4*j. Is l composite?
True
Let v be 2/9 - (185660/(-45) + -3). Let m = v - 2472. Is m a prime number?
True
Let q = 1895787 + -908060. Is q prime?
False
Suppose -3*p = 2*y - 1170 + 3879, -p - 2*y - 899 = 0. Let u = p - -1984. Is u a composite number?
True
Suppose 2*r = 3*w + 998 + 2893, 5*r - 9717 = -3*w. Suppose 536 = -4*z + r. Suppose 2*n - z = 22. Is n a prime number?
False
Suppose 3*x + 1061846 = 2*m, -200*m + 2*x = -201*m + 530895. Is m a prime number?
True
Suppose 5*z = -2*z. Suppose -5*l + 3*l + 6 = z. Is -2*1/3 + 140/l composite?
True
Let j(p) = p**3 - 3*p**2 + 5. Let z be j(3). Suppose 2*h - 7195 = -z*d, -7*d + 4*h = -3*d - 5756. Is d a prime number?
True
Let s(h) = -h**2 + 3*h. Let u be s(2). Suppose r = -u, 7*q + 4*r = 2*q + 17027. Is q a composite number?
False
Suppose -31*r + 98*r + 2*r = 5515791. Is r composite?
False
Let i = -77 + 79. Suppose -i*r = 2*h + 1996, -2*h - 4*r - 2291 = -291. Let u = 35 - h. Is u prime?
True
Let p(t) = -5*t**3 + 15*t**2 - 19*t + 97. Is p(-16) composite?
True
Let t = 92 + 30. Let l = t + -5. Suppose -3*b + 1374 = -l. Is b a prime number?
False
Suppose -1 = -9*n + 35. Let p(r) = -n*r - r**2 - 4 + 10*r**2 + 13*r - 15. Is p(3) a prime number?
True
Let k(c) = 4*c**3 + 23*c**2 - 38*c + 2. Let o(b) = 9*b**3 + 47*b**2 - 75*b + 5. Let s(z) = 7*k(z) - 3*o(z). Is s(-21) a prime number?
True
Let c(v) = v**2 - 9*v + 3. Let r be c(9). Suppose r*p + 407 = -4*d, 2*d + 2*p + 193 = -3*p. Let q = d + 223. Is q prime?
False
Let r = 1204 + 781. Is r a composite number?
True
Let h(l) = -l**2 - 4*l - 6. Suppose 2*n = 2, 4*f - 2*n = -n - 13. Let o be h(f). Is (-3276)/(-2) + -1 + -3 - o a composite number?
False
Let b(s) = 2440*s**2 - 15*s + 236. Is b(9) composite?
False
Suppose -31*k - 758*k - 203696292 = -712280169. Is k prime?
True
Let w be (-4 - -4) + 2 + 2. Suppose c + a - 678 = 0, -c + w*a = -505 - 148. Is c a prime number?
True
Is (-45)/27*478026/(-30) composite?
False
Suppose 9*f = 172 + 44. Suppose 0 = -4*u + d + f, -u = -d - 5 - 4. Suppose u*v - 3*b - 1649 = -2*b, 1653 = 5*v - 2*b. Is v a prime number?
False
Is 293*(-8 + 392 + 13) a prime number?
False
Suppose 2930792 - 15647393 = -123*n. Is n a composite number?
False
Let s = -148 - -153. Is 371 + 0/(0 - s) composite?
True
Let a(c) be the second derivative of c**3/6 - 3*c**2 + 12*c. Let g be a(10). Suppose -2*i + g*i = 762. Is i composite?
True
Let f(v) = -2*v**3 - 12*v**2 - 17*v - 3. Let o be f(-5). Let z(k) = 175*k - 87. Is z(o) composite?
True
Let t(k) = -12312*k + 5269. Is t(-6) prime?
False
Let c be 68/32 + 6/(-48). Suppose -5*l - 6 = -2*l, -c*l - 1517 = -g. Is g a prime number?
False
Let i be (5178/5)/(3 + (-16)/5). Let h(s) = 4*s**3 - 18*s**2 - 3*s + 15. Let y be h(14). Let m = y + i. Is m composite?
False
Let q be -35*((-1)/(-2) + (-49)/10). Suppose -3314 = 152*a - q*a. Is a prime?
True
Let l(i) be the first derivative of 713*i**2 - 7*i + 72. Is l(3) a prime number?
True
Suppose -2*g = -4*g - 12, 2*r = -2*g + 892630. Is r composite?
True
Let d be 9/(-5) - (16/5 + -3). Is (d/(4/2))/(35/(-78295)) a composite number?
False
Suppose -20*x = -142001 - 69059. Is x a composite number?
True
Is ((-12)/6 - (-7)/2)*30869946/513 prime?
True
Let l be 3 + (-6)/3 - 18241. Let f = -10835 - l. Is f a composite number?
True
Suppose 4*i = 4*n - 83568, 4*i = -2*n + n + 20867. Suppose -52210 = -5*p + c, 2*p + c + n = 4*p. Is p prime?
False
Suppose -4*a - 4*t = -4, 4*t + 5 = -7. Is (978 - (-3 + a))*(-3)/(-3) composite?
False
Let x(k) = -2*k**2 - 69*k + 176131. Is x(0) a composite number?
True
Suppose -40*g + 20*g = -180. Is 2/(g/(36/(-8)))*-5623 a prime number?
True
Let h(j) = -49*j**3 + 37*j**2 + 74*j + 27. Is h(-17) composite?
False
Is (-3686448)/(-20) + (-77)/55 a composite number?
False
Suppose 11*z + 2*s - 67992 = 10*z, -3*s = -4*z + 271979. Is z a prime number?
False
Suppose -y + 2*r + 65732 = 15419, 5*y - 4*r - 251589 = 0. Is y a prime number?
True
Let d(k) = 220*k**2 - k + 2. Let z(l) = l**2 - 7*l + 13. Suppose 5*x = -5 + 25. Let v be z(x). Is d(v) a prime number?
False
Let o = 21481 + -9598. Suppose 0 = -b + 5*s - 1333, 664 = b + s + 1991. Let k = b + o. Is k a prime number?
False
Suppose 2*x - 32 = -x - 4*p, 3*x - 38 = 2*p. Let v(s) = -4 + 21*s + 30*s + 6*s - x*s. Is v(3) a prime number?
True
Suppose -22*h = -18*h. Is 260 - (h - 4) - 1 a composite number?
False
Suppose 16*z = 309592 + 729483 + 501549. Is z prime?
True
Let o = 9642 + -1805. Is o a composite number?
True
Let g(b) = -4*b + 32. Let i be g(3). Suppose -14624 = 4*n - i*n. Is n prime?
False
Let h(y) = -59*y - 4 - 1 - 4. Let q be h(4). Let g = q - -536. Is g composite?
True
Let q be (5 - (-13905)/(-9)) + 1. Let b = -280 - q. Is b composite?
False
Suppose 36533 + 74206 = 3*x. Is x a prime number?
True
Let q(f) = 4*f - 9. Let g be q(3). Is g/27*-2 + (-106172)/(-36) prime?
False
Let o = 4986183 - 1473424. Is o composite?
False
Let d be ((-78)/(-91))/((-3)/(-21)). Let j(i) = -7 + 3*i**2 + 0*i + 0 - 3*i. Is j(d) prime?
True
Let z(l) be the thir